9?
False
Is 408789 a multiple of 100?
False
Is 133355 a multiple of 3?
False
Does 9 divide 2535057?
True
Does 13 divide 562848?
True
Does 159 divide 70847?
False
Is 5 a factor of 1112260?
True
Is 477824 a multiple of 44?
False
Does 5 divide 12385?
True
Is 68 a factor of 1389857?
False
Is 78 a factor of 250224?
True
Is 73232 a multiple of 92?
True
Is 147 a factor of 221921?
False
Is 12 a factor of 152028?
True
Is 13 a factor of 706004?
True
Is 37 a factor of 490768?
True
Is 14 a factor of 93632?
True
Is 9002448 a multiple of 12?
True
Does 398 divide 273271?
False
Is 9066 a multiple of 12?
False
Is 132 a factor of 69696?
True
Does 16 divide 127424?
True
Is 2127898 a multiple of 227?
True
Is 19689 a multiple of 2?
False
Does 98 divide 245196?
True
Is 307 a factor of 492913?
False
Is 719794 a multiple of 14?
False
Does 249 divide 148456?
False
Does 14 divide 21080?
False
Is 847587 a multiple of 71?
False
Is 131 a factor of 581902?
True
Does 115 divide 4804700?
True
Does 462 divide 228908?
False
Is 51 a factor of 8486451?
True
Is 7 a factor of 488929?
True
Does 21 divide 9784?
False
Is 91413 a multiple of 21?
True
Is 24 a factor of 392808?
True
Does 31 divide 2389?
False
Is 2246256 a multiple of 24?
True
Is 515 a factor of 11899075?
True
Is 549 a multiple of 3?
True
Does 16 divide 978704?
True
Is 158 a factor of 90218?
True
Does 636 divide 21624?
True
Does 14 divide 441658?
True
Does 70 divide 252560?
True
Does 27 divide 1488297?
False
Is 5 a factor of 919939?
False
Does 129 divide 326799?
False
Is 249351 a multiple of 11?
False
Does 15 divide 392253?
False
Does 15 divide 28980?
True
Is 127914 a multiple of 9?
False
Does 122 divide 377121?
False
Is 8250909 a multiple of 8?
False
Does 997 divide 4748132?
False
Does 211 divide 478925?
False
Is 818862 a multiple of 35?
False
Is 1253 a factor of 24265666?
False
Is 778672 a multiple of 656?
True
Is 148 a factor of 109750?
False
Does 15 divide 5705795?
False
Does 12 divide 77256?
True
Does 49 divide 45262?
False
Is 293 a factor of 1381656?
False
Is 290 a factor of 928189?
False
Does 7 divide 5506?
False
Does 95 divide 4108098?
False
Is 28 a factor of 52220?
True
Is 6174273 a multiple of 267?
False
Is 5892451 a multiple of 19?
True
Is 67 a factor of 1031867?
True
Is 435584 a multiple of 24?
False
Is 127312 a multiple of 136?
False
Is 10 a factor of 2178166?
False
Is 9 a factor of 142182?
True
Is 6375125 a multiple of 228?
False
Is 364110 a multiple of 6?
True
Is 2 a factor of 9882?
True
Is 2425585 a multiple of 77?
False
Is 11 a factor of 68717?
True
Is 67778 a multiple of 66?
False
Is 141520 a multiple of 145?
True
Is 1989288 a multiple of 16?
False
Does 3 divide 15413?
False
Does 60 divide 130680?
True
Is 1955 a multiple of 5?
True
Does 22 divide 330435?
False
Does 71 divide 97341?
True
Does 410 divide 6834?
False
Is 227646 a multiple of 198?
False
Is 179 a factor of 59070?
True
Is 28 a factor of 478044?
True
Does 82 divide 1335206?
True
Is 4147611 a multiple of 22?
False
Is 247095 a multiple of 95?
True
Does 43 divide 9957?
False
Is 45 a factor of 194412?
False
Is 6854112 a multiple of 36?
True
Does 15 divide 921756?
False
Does 425 divide 415225?
True
Does 66 divide 14668?
False
Is 361360 a multiple of 8?
True
Is 54 a factor of 346575?
False
Is 13 a factor of 8023730?
True
Is 10 a factor of 2143490?
True
Does 217 divide 133834?
False
Does 1013 divide 3401654?
True
Is 766 a factor of 2879394?
True
Is 178 a factor of 361449?
False
Does 17 divide 49623?
True
Is 12 a factor of 8857?
False
Is 119 a factor of 591549?
True
Is 9 a factor of 38898?
True
Is 592740 a multiple of 356?
True
Is 2597259 a multiple of 15?
False
Is 10764434 a multiple of 814?
False
Is 8227752 a multiple of 39?
True
Is 14 a factor of 29684?
False
Is 75 a factor of 4366050?
True
Does 83 divide 1478217?
False
Is 438 a factor of 1109454?
True
Is 4747922 a multiple of 211?
True
Does 388 divide 332128?
True
Does 106 divide 82305?
False
Is 726 a factor of 6344514?
True
Is 232933 a multiple of 122?
False
Does 73 divide 13359?
True
Does 133 divide 30723?
True
Is 93411 a multiple of 97?
True
Does 18 divide 2127852?
True
Does 263 divide 278361?
False
Is 224949 a multiple of 72?
False
Is 356 a factor of 58474?
False
Does 174 divide 89088?
True
Is 17064 a multiple of 9?
True
Is 178 a factor of 1073616?
False
Is 1324 a factor of 17728816?
False
Is 191 a factor of 550878?
False
Is 4146322 a multiple of 1383?
False
Is 10570 a multiple of 70?
True
Is 52 a factor of 1645904?
True
Does 107 divide 362892?
False
Is 4 a factor of 16204?
True
Is 15 a factor of 272820?
True
Does 23 divide 379436?
False
Is 22560 a multiple of 24?
True
Does 192 divide 732864?
True
Is 11156219 a multiple of 32?
False
Does 344 divide 737143?
False
Is 738 a factor of 2086374?
False
Does 171 divide 185193?
True
Is 78 a factor of 77887?
False
Does 23 divide 705318?
True
Is 122232 a multiple of 66?
True
Is 5 a factor of 100804?
False
Is 1034609 a multiple of 5?
False
Does 27 divide 2240191?
False
Does 18 divide 2145438?
True
Is 121383 even?
False
Is 466677 a multiple of 219?
False
Does 366 divide 6570452?
False
Does 35 divide 572635?
True
Does 9 divide 3406455?
True
Is 46998 a multiple of 63?
True
Does 5 divide 533535?
True
Is 471 a factor of 212892?
True
Is 9880570 a multiple of 782?
True
Does 394 divide 111502?
True
Is 3 a factor of 14891?
False
Does 15 divide 12178110?
True
Is 63 a factor of 2377998?
True
Does 9 divide 48748?
False
Is 114 a factor of 12801972?
True
Is 11 a factor of 24976?
False
Is 45766 a multiple of 131?
False
Is 26464374 a multiple of 204?
False
Is 10 a factor of 27500?
True
Does 12 divide 440940?
True
Is 14 a factor of 663558?
True
Does 414 divide 3346776?
True
Is 600440 a multiple of 40?
True
Is 28 a factor of 42318?
False
Does 3 divide 233548?
False
Is 199056 a multiple of 264?
True
Does 226 divide 89722?
True
Is 1168167 a multiple of 389?
True
Is 328800 a multiple of 75?
True
Does 30 divide 125250?
True
Is 13 a factor of 155389?
True
Is 1651537 a multiple of 19?
True
Is 9 a factor of 38691?
True
Is 427 a factor of 1567090?
True
Is 234 a factor of 111970?
False
Is 30 a factor of 339958?
False
Is 1618 a factor of 2359044?
True
Is 90 a factor of 257310?
True
Is 190 a factor of 469490?
True
Does 426 divide 6058443?
False
Is 76438 a multiple of 37?
False
Does 27 divide 54273?
False
Is 4981536 a multiple of 196?
True
Does 11 divide 155111?
True
Does 148 divide 14754505?
False
Does 9 divide 114821?
False
Is 39600 a multiple of 225?
True
Is 4420750 a multiple of 8?
False
Does 385 divide 201796?
False
Is 26 a factor of 95902?
False
Is 488922 a multiple of 98?
True
Is 117 a factor of 1865097?
True
Does 307 divide 2074706?
True
Is 121314 a multiple of 6?
True
Does 31 divide 447361?
True
Is 330570 a multiple of 16?
False
Is 29 a factor of 43906?
True
Is 573283 a multiple of 92?
False
Is 24 a factor of 513648?
True
Is 3 a factor of 67850?
False
Is 2 a factor of 240029?
False
Is 7 a factor of 74195?
False
Is 47900 a multiple of 479?
True
Does 297 divide 1019007?
True
Is 222508 a multiple of 1010?
False
Is 614658 a multiple of 834?
True
Does 20 divide 1728440?
True
Does 17 divide 20336611?
False
Is 18 a factor of 287604?
True
Does 13 divide 631839?
True
Is 77 a factor of 1240572?
False
Does 19 divide 372903?
False
Is 159 a factor of 2905566?
True
Is 2528358 a multiple of 14?
True
Is 222989 a multiple of 55?
False
Is 5 a factor of 484764?
False
Is 19467 even?
False
Is 112911 a multiple of 11?
False
Is 134 a factor of 40806?
False
Does 67 divide 156713?
True
Is 47792 a multiple of 8?
True
Is 10 a factor of 76126?
False
Is 65 a factor of 435045?
True
Is 21 a factor of 762127?
False
Is 52797 a multiple of 4?
False
Does 3 divide 156414?
True
Does 146 divide 3904878?
False
Is 1278 a factor of 6737987?
False
Is 12 a factor of 13641048?
True
Is 16088 a multiple of 8?
True
Is 9400830 a multiple of 17?
True
Does 3 divide 171608?
False
Is 648462 a multiple of 3?
True
Is 210035 a multiple of 17?
True
Does 428 divide 3791652?
True
Is 13318250 a multiple of 55?
True
Is 3729637 a multiple of 373?
False
Is 162862 a multiple of 7?
True
Is 28 a factor of 69745?
False
Is 12860 a multiple of 8?
False
Is 3674289 a multiple of 407?
False
Is 5 a factor of 83375?
True
Is 22 a factor of 1364